emainder when 203647 is divided by 67881.
4
Calculate the remainder when 396375385 is divided by 1057001.
10
What is the remainder when 6590568 is divided by 13?
10
Calculate the remainder when 604312 is divided by 78.
46
Calculate the remainder when 5186491 is divided by 168.
163
Calculate the remainder when 18305883 is divided by 59.
12
Calculate the remainder when 789 is divided by 340.
109
What is the remainder when 11613464 is divided by 85?
84
What is the remainder when 873304 is divided by 174301?
1799
What is the remainder when 1403951 is divided by 127630?
21
Calculate the remainder when 349767 is divided by 4863.
4494
What is the remainder when 30477 is divided by 1809?
1533
What is the remainder when 720819 is divided by 793?
775
What is the remainder when 85973382 is divided by 3294?
3276
Calculate the remainder when 445967 is divided by 23220.
4787
What is the remainder when 67443530 is divided by 509?
12
Calculate the remainder when 87989 is divided by 43771.
447
What is the remainder when 48211481 is divided by 158?
151
What is the remainder when 464995 is divided by 674?
609
What is the remainder when 213159180 is divided by 390?
0
Calculate the remainder when 1536176 is divided by 503.
14
What is the remainder when 8052690 is divided by 9203?
65
What is the remainder when 2039929 is divided by 1619?
1608
What is the remainder when 91655232 is divided by 10339?
10336
Calculate the remainder when 12895674 is divided by 16.
10
Calculate the remainder when 482780 is divided by 43865.
265
What is the remainder when 97062 is divided by 19299?
567
What is the remainder when 25355023 is divided by 975193?
5
Calculate the remainder when 2496106 is divided by 1907.
1750
Calculate the remainder when 43524058 is divided by 228.
226
Calculate the remainder when 1428954 is divided by 2290.
2284
Calculate the remainder when 39292 is divided by 804.
700
Calculate the remainder when 4058856 is divided by 51.
21
What is the remainder when 192225218 is divided by 10?
8
Calculate the remainder when 388656 is divided by 11110.
10916
What is the remainder when 12029346 is divided by 7662?
6
What is the remainder when 278985592 is divided by 15499199?
10
What is the remainder when 6204215 is divided by 6204207?
8
Calculate the remainder when 154487 is divided by 178.
161
Calculate the remainder when 515950758 is divided by 10036.
10034
Calculate the remainder when 64622969 is divided by 55.
4
What is the remainder when 1950303 is divided by 2333?
2248
What is the remainder when 7239 is divided by 1009?
176
Calculate the remainder when 240698213 is divided by 230.
223
Calculate the remainder when 564371 is divided by 193.
39
Calculate the remainder when 37069 is divided by 9255.
49
What is the remainder when 76172505 is divided by 5078167?
0
What is the remainder when 75412 is divided by 2140?
512
What is the remainder when 1005356 is divided by 251278?
244
Calculate the remainder when 97905 is divided by 437.
17
What is the remainder when 9103 is divided by 8220?
883
Calculate the remainder when 13356662 is divided by 430860.
2
Calculate the remainder when 13152148 is divided by 8.
4
What is the remainder when 1050534 is divided by 9298?
9158
What is the remainder when 1895107 is divided by 1410?
67
What is the remainder when 4384888 is divided by 587?
585
Calculate the remainder when 1438813 is divided by 1761.
76
Calculate the remainder when 92790089 is divided by 26.
15
What is the remainder when 7514968 is divided by 326?
16
What is the remainder when 369227 is divided by 2147?
2090
What is the remainder when 189253 is divided by 5142?
4141
What is the remainder when 17049264 is divided by 62?
8
Calculate the remainder when 48743942 is divided by 1099.
1094
Calculate the remainder when 6158591 is divided by 324.
323
What is the remainder when 901430 is divided by 3174?
14
What is the remainder when 630729 is divided by 57?
24
What is the remainder when 593065 is divided by 37?
29
Calculate the remainder when 33662481 is divided by 87435.
6
What is the remainder when 5489856 is divided by 5489842?
14
Calculate the remainder when 8445 is divided by 2155.
1980
Calculate the remainder when 246058 is divided by 2153.
616
Calculate the remainder when 70741 is divided by 23530.
151
Calculate the remainder when 207661 is divided by 10135.
4961
Calculate the remainder when 418741 is divided by 5728.
597
What is the remainder when 3046648 is divided by 5308?
5164
What is the remainder when 168498 is divided by 1682?
298
What is the remainder when 199904 is divided by 3511?
3288
What is the remainder when 27752 is divided by 1524?
320
What is the remainder when 13304973 is divided by 2179?
2178
Calculate the remainder when 3426318 is divided by 336.
126
What is the remainder when 877072 is divided by 1984?
144
What is the remainder when 1005258 is divided by 826?
16
Calculate the remainder when 36844112 is divided by 191.
21
Calculate the remainder when 1051660 is divided by 195.
25
What is the remainder when 32741 is divided by 14989?
2763
Calculate the remainder when 1116794 is divided by 58.
4
What is the remainder when 11601 is divided by 817?
163
What is the remainder when 7667 is divided by 1082?
93
What is the remainder when 18661630 is divided by 47?
45
Calculate the remainder when 353740 is divided by 176868.
4
What is the remainder when 46980131 is divided by 402?
401
Calculate the remainder when 136808428 is divided by 368.
12
Calculate the remainder when 3221334 is divided by 5773.
0
Calculate the remainder when 18937649 is divided by 10457.
22
What is the remainder when 116174 is divided by 58062?
50
Calculate the remainder when 898597 is divided by 48.
37
What is the remainder when 305089 is divided by 3424?
353
What is the remainder when 112532378 is divided by 56266188?
2
Calculate the remainder when 475298 is divided by 8487.
26
What is the remainder when 917367 is divided by 183466?
37
Calculate the remainder when 905321 is divided by 129327.
32
Calculate the remainder when 30152940 is divided by 30152899.
41
What is the remainder when 7234198 is divided by 120?
118
Calculate the remainder when 5547023 is divided by 575.
573
Calculate the remainder when 1325418 is divided by 662568.
282
Calculate the remainder when 659659 is divided by 443.
32
Calculate the remainder when 997288 is divided by 6272.
40
Calculate the remainder when 382302 is divided by 930.
72
Calculate the remainder when 128712 is divided by 12.
0
What is the remainder when 218692 is divided by 276?
100
What is the remainder when 2695071 is divided by 88?
71
Calculate the remainder when 134820 is divided by 1477.
413
What is the remainder when 276346 is divided by 2878?
58
Calculate the remainder when 1364577 is divided by 90948.
357
What is the remainder when 6357112 is divided by 334584?
16
What is the remainder when 225341973 is divided by 22?
21
What is the remainder when 1912790 is divided by 15551?
17
What is the remainder when 8487240 is divided by 559?
502
Calculate the remainder when 452720 is divided by 150208.
2096
Calculate the remainder when 1252915 is divided by 60.
55
Calculate the remainder when 513677 is divided by 1256.
1229
Calculate the remainder when 35964733 is divided by 3269521.
2
What is the remainder when 2368097 is divided by 65?
17
Calculate the remainder when 249207 is divided by 9583.
49
Calculate the remainder when 69146 is divided by 22986.
188
What is the remainder when 17250430 is divided by 13414?
26
What is the remainder when 3796 is divided by 2136?
1660
Calculate the remainder when 3935 is divided by 651.
29
What is the remainder when 6726829 is divided by 774?
769
What is the remainder when 6047934 is divided by 1621?
1604
What is the remainder when 161785045 is divided by 23?
9
Calculate the remainder when 11191548 is divided by 1687.
1677
Calculate the remainder when 621413 is divided by 4033.
331
Calculate the remainder when 4585477 is divided by 1196.
13
What is the remainder when 5868464 is divided by 16254?
770
What is the remainder when 56843133 is divided by 371?
368
Calculate the remainder when 60936367 is divided by 41.
35
What is the remainder when 727747 is divided by 12?
7
What is the remainder when 110883647 is divi